 + 11 = b. Is q a prime number?
False
Let z(m) = 7*m**2 + 6 - 3*m + 15 - 4*m**2. Is z(-9) composite?
True
Suppose -5*k = -4*k - 5. Is (-8)/(-20) - (-2493)/k prime?
True
Suppose 13 = 5*k + 4*a, 4*k - 10 = 2*k - 4*a. Let w be 1 + (173 - 0) + k. Suppose 0 = -7*x + 3*x - 2*n + 138, 0 = -5*x - 2*n + w. Is x prime?
True
Let u(c) = -12*c - 53. Let m be 33*(288/(-378) - 6/(-14)). Is u(m) composite?
False
Let h = 0 + -7. Let l = h + 6. Is 16*14/2 - l a composite number?
False
Is (-6)/8*(-1666268)/237 a composite number?
False
Let y be -1 + 1 + (-18)/3. Let n(k) = -k**3 - 3*k**2 - 8. Let p be n(y). Suppose -2*r = -2*f + p, 2*f - 54 = r + 43. Is f prime?
True
Suppose -2503 = -2*c + 5*g, 2*c - 1948 = 3*g + 553. Is c composite?
False
Let p(d) = 13*d**2 - 1. Let k = -15 - -16. Let j be p(k). Is 1*-131*(11 - j) composite?
False
Suppose 11*b - 5411 = 4*b. Let p = -252 + b. Is p a prime number?
True
Let v be 9 - 7 - (-1 + 4). Let r(g) = 5 - 2 + 99*g**2 + 0 + 3*g - 2. Is r(v) a prime number?
True
Suppose 0*k + 5*k - 1157 = -3*h, -h - 1141 = -5*k. Suppose c = k + 433. Is c a composite number?
True
Suppose 2*d - 4*d - 4*k + 1850 = 0, 5*k + 897 = d. Let a = d - 495. Suppose 0 = 2*w - 0*w - a. Is w prime?
True
Is 56094/15 - 3/5 a composite number?
False
Let b(a) = a**3 - 13*a**2 - 12*a - 3. Suppose -12 = -4*m - 0. Suppose 4*z = -5*s + s + 44, m*s = -5*z + 61. Is b(z) a prime number?
False
Let t(a) be the first derivative of a**3/3 + 5*a**2/2 - 12*a + 4. Let s be t(-7). Is (-2815)/(-20) - s/(-8) a prime number?
False
Let w(a) = 33*a**2 + 4*a - 49. Is w(6) a composite number?
False
Is 1/4*-4*-61481 a prime number?
False
Let n(a) = -160*a + 97. Is n(-37) prime?
False
Let v(a) be the second derivative of -a**5/20 - a**4/3 + 11*a**3/6 + 7*a**2/2 + 6*a + 1. Let x be (7/3)/(1/(-3)). Is v(x) a prime number?
False
Let k(o) = 4*o**2 - o - 355. Let j(q) = 9*q**2 - 3*q - 710. Let n(f) = 3*j(f) - 7*k(f). Is n(0) a composite number?
True
Suppose 14*x = 9*x + 270. Let v = x + 88. Is v prime?
False
Let o be 12/(-8)*(-20)/6. Suppose -2461 = -3*n + 2*y, n - o*y - 644 = 198. Is n prime?
False
Let g(n) = n. Let l(r) = -445*r + 1. Let p(z) = 3*g(z) + l(z). Suppose c = -c - 2*y - 6, -5*y = -c + 9. Is p(c) composite?
False
Suppose 276188 - 80570 = 6*v. Is v prime?
True
Let p(b) = 66*b**2 + 3*b + 1. Let x be p(-5). Is (-3)/(-15)*5*(1 + x) composite?
False
Let y(z) = 3*z - 17. Let s be y(5). Let j be (s - -1) + -2 - -14. Suppose 0 = i - 260 + j. Is i a composite number?
True
Is ((-3)/3 - -23020)*115/69 a prime number?
False
Let c = -695 + -6448. Let p = 11690 + c. Is p prime?
True
Let o(z) = -3*z**2 + 23*z - 10. Let s be o(7). Let a(f) = 97*f**2 + 2*f - 17. Is a(s) a composite number?
False
Suppose 3*d = -m + 705, 2*m + d = -0*m + 1400. Let y = m - 182. Is y prime?
False
Let g(p) = -25*p**3 - 8*p**2 + 42*p + 18. Is g(-7) composite?
False
Suppose 5 = -5*h + 3*t, -6*t = -t - 25. Is (3 - 8/h) + 144 a composite number?
True
Suppose -11*p = -22*p + 189959. Is p composite?
True
Let u(w) = -2*w**2 + 3*w - 9. Let p be u(-6). Let l = -381 - p. Is ((-1)/2)/(3/l) a prime number?
True
Let t = -135 + 131. Let b(p) = -4*p**3 + p**2 + 3*p + 14. Is b(t) a prime number?
False
Suppose 6*p - 29588 = 56818. Is p prime?
True
Let a be (1007/(-5) - 1)*(3 + 2). Let q = 2373 + a. Is q a composite number?
False
Let v(h) = h**2 + 12*h - 11. Let m = 8 - 0. Is v(m) a composite number?
False
Suppose i - 7*j - 348 = -8*j, -702 = -2*i - 5*j. Is i a composite number?
True
Is (-19)/(-57)*232455/5 prime?
True
Suppose -4*i - 57 + 17 = 2*y, 0 = -3*y - 5*i - 57. Is (-11742)/y - (-6)/21 prime?
True
Let m be (-662)/(-18) - (-2)/9. Let z = 12 + m. Is z a composite number?
True
Let t = -19229 + 36936. Is t prime?
True
Let v(k) = 78*k - 9. Suppose -5*u + 29 = 3*p - 1, -2*p + 5*u = 5. Is v(p) a prime number?
False
Let n(r) = 134*r**2 + 2*r + 16. Let w be n(6). Let i = -3005 + w. Is i a prime number?
True
Let q = 98 + 6201. Is q a composite number?
False
Suppose -6*a + 13471 + 1499 = 0. Is a a composite number?
True
Let r = -3892 + -4386. Let a = -2189 - r. Is a prime?
True
Suppose 0*t = 3*t - 12. Suppose 2*x + 3486 = 2*h + 2*h, -t*x = 20. Is h a composite number?
True
Let s(v) = 203*v**2 + 19*v + 44. Is s(9) composite?
True
Let w = -69252 + 98553. Is w a prime number?
False
Suppose -85 = 11*m + 102. Let h(q) be the first derivative of -q**4/4 - 5*q**3 - 15*q + 1. Is h(m) prime?
True
Suppose 274*s = 296*s - 781858. Is s a prime number?
False
Let p(h) = -14*h - 41. Suppose 45 = -5*d - 3*y, -4*y = -0*d + d - 8. Is p(d) composite?
False
Let a(u) = -606*u + 116. Is a(-7) a prime number?
False
Suppose o = 3*o - 42. Let q be 12/(-42) + 6/o. Suppose q = 3*g - 199 - 1094. Is g a prime number?
True
Suppose 0 = 6*u - 5*u - n - 6344, -19052 = -3*u - n. Is u a composite number?
True
Suppose 0 = 2*x - a - 3881, 3*x = x - 3*a + 3901. Let b = x - 234. Is b composite?
False
Let f = 21522 + -11651. Is f a prime number?
True
Suppose -2*m - 44 = -5*q + m, 0 = 5*q - 5*m - 50. Suppose -4*t + 15 = s, 0 = 5*t - 4*t - 2*s + 3. Suppose -q*v + t*v = -476. Is v a composite number?
True
Suppose -4*a - 1184 = -4*k, -5*a - 5 = -0*a. Let r = 629 - k. Is r prime?
False
Let h = 4306 + -2925. Is h a composite number?
False
Let q = 50 - 50. Suppose 0 = -5*h - 5*w + 1495, 2*h + 0*h - w - 604 = q. Is h composite?
True
Let r = -90 - -71. Let y(p) = -156*p + 55. Is y(r) a composite number?
False
Let d(y) = 5*y + 202. Let r = -57 - -57. Is d(r) a prime number?
False
Suppose 136 = -5*v + 5331. Is v a prime number?
True
Let y = 3 - 16. Let g = 12 + y. Is 5/(-3*g/39) a composite number?
True
Suppose t - 57 = 3*c - c, 4*t = 4*c + 116. Let q = c - -29. Is -2 + q + 389 - -1 a composite number?
False
Suppose -3*u = -3*m - 18591, 0 = -4*u + 14*m - 15*m + 24768. Is u composite?
True
Is (-2)/((9/(-6537))/((-30)/(-4))) composite?
True
Let g(v) = -48*v**3 - 12*v**2 - 2*v + 1. Is g(-5) prime?
True
Let n = -410 - -1501. Is n a prime number?
True
Let o = -2408 + 4191. Suppose 2*y - 517 = -o. Let r = -214 - y. Is r prime?
True
Is 7336152/120 + (-2)/(-5) composite?
True
Let c(q) = -q**3 - q + 331. Let f be (-1 + 1)*9/(-27). Is c(f) composite?
False
Suppose -35810 = -19*c + 15585. Is c composite?
True
Let j(p) = -43*p - 3. Let d be j(-11). Suppose 486 = 4*m + 4*f + f, -d = -4*m + 3*f. Let r = m - 66. Is r a prime number?
True
Is 2/(2*(-10320)/10321 + 2) a prime number?
True
Let i be (-22*1)/(-2)*(-21 + 22). Is -2*(1 + -2) + i + 1438 a prime number?
True
Let j be (1 - (-1 - -1)) + 2 + 227. Suppose 3*w - j = w. Is w a composite number?
True
Let b = 48928 - 25331. Is b prime?
False
Let j = 22 + -21. Is (2 - j)/(2/1270) composite?
True
Let f(v) be the second derivative of 385*v**3/3 - 3*v**2/2 + 8*v. Is f(1) composite?
True
Let y be ((-242)/8)/(9/(-252)). Let c = y + -178. Is c a composite number?
True
Suppose -7*r - 24837 = -82391. Is r a composite number?
True
Let b(r) be the third derivative of -7/30*r**5 + 1/120*r**6 + 1/6*r**3 + 0*r + 0 - 7*r**2 + 17/24*r**4. Is b(13) a composite number?
False
Let i(u) = -19*u**2 + 5*u - 2. Let n be i(5). Let f = -185 - n. Is f prime?
False
Suppose d = 3*n + 1332, 3*d + 2*n - 5463 = -1467. Let q = -1229 + 454. Let o = d + q. Is o composite?
False
Let o = -54 + 60. Suppose -1315 = -8*p + o*p + 3*a, 0 = 5*a - 5. Is p prime?
True
Suppose 4*i - q + 3*q + 26 = 0, 5*i = -3*q - 31. Let v(u) = -u**3 - 4*u**2 + 3*u - 9. Is v(i) prime?
True
Suppose 5*t - 115925 = -x, -5*t + 7*x + 115920 = 9*x. Is t prime?
False
Let f(p) = 5*p**2 - 3*p - 11. Let b be f(8). Let v = b - 128. Is v composite?
False
Let m(a) = -a**3 - 4*a**2 + 6*a - 12. Let r be m(6). Let j = r - -547. Is j prime?
True
Let t(u) = -u**3 + 29*u**2 + 16*u - 51. Suppose -7*h - 406 = -21*h. Is t(h) a prime number?
False
Suppose -692 = 4*p - 3832. Let f = -88 + p. Suppose 6*j - 2*t - 421 = 3*j, 0 = 5*j - t - f. Is j a prime number?
True
Suppose 4*p - 6140 = -4*o, 4*o - 4*p - 7812 = -1656. Is o a composite number?
True
Let x(h) = 189*h**3 + 4*h - 3. Is x(2) a prime number?
False
Let p(c) = c**2 - 3*c - 1. Let y be p(2). Is 418 - (6/3 + y) a prime number?
True
Let j(s) = 10*s**2 + 10*s - 7. Let a(c) = -c**3 - 14*c**2 - 13*c + 6. Let t be a(-13). Is j(t) composite?
True
Suppose 6*a = 9*a. Let x = 0 + a. Suppo